{"id":309,"date":"2024-04-05T21:30:25","date_gmt":"2024-04-05T19:30:25","guid":{"rendered":"https:\/\/senatex.gob.bo\/?page_id=309"},"modified":"2025-10-21T14:29:23","modified_gmt":"2025-10-21T18:29:23","slug":"declaracion-de-la-mision-vision-valores-y-principios-de-la-entidad","status":"publish","type":"page","link":"https:\/\/senatex.gob.bo\/index.php\/declaracion-de-la-mision-vision-valores-y-principios-de-la-entidad\/","title":{"rendered":"Misi\u00f3n, Visi\u00f3n, Valores y Principios de la Entidad"},"content":{"rendered":"\t\t<div data-elementor-type=\"wp-page\" data-elementor-id=\"309\" class=\"elementor elementor-309\" data-elementor-post-type=\"page\">\n\t\t\t\t\t\t<section class=\"elementor-section elementor-top-section elementor-element elementor-element-544fcb0d elementor-section-boxed elementor-section-height-default elementor-section-height-default wpr-particle-no wpr-jarallax-no wpr-parallax-no wpr-sticky-section-no\" data-id=\"544fcb0d\" data-element_type=\"section\">\n\t\t\t\t\t\t<div class=\"elementor-container elementor-column-gap-default\">\n\t\t\t\t\t<div class=\"elementor-column elementor-col-100 elementor-top-column elementor-element elementor-element-4e8361ac\" data-id=\"4e8361ac\" data-element_type=\"column\">\n\t\t\t<div class=\"elementor-widget-wrap elementor-element-populated\">\n\t\t\t\t\t\t<div class=\"elementor-element elementor-element-78e3cde8 elementor-widget elementor-widget-text-editor\" data-id=\"78e3cde8\" data-element_type=\"widget\" data-widget_type=\"text-editor.default\">\n\t\t\t\t<div class=\"elementor-widget-container\">\n\t\t\t\t\t\t\t\t\t<p><\/p>\n<p><\/p>\n<h2 class=\"wp-block-heading\">Misi\u00f3n<\/h2>\n<p><\/p>\n<p><span style=\"font-weight: 400;\">Impulsar el cambio de la matriz productiva nacional a trav\u00e9s del incremento de la agregaci\u00f3n de valor a la producci\u00f3n primaria, transformaci\u00f3n tecnol\u00f3gica, alza de la productividad, diversificaci\u00f3n productiva y mayor generaci\u00f3n de excedentes e ingresos en la producci\u00f3n textil, participando en la creaci\u00f3n, consolidaci\u00f3n, modernizaci\u00f3n y tecnificaci\u00f3n de los emprendimientos productivos textiles del pa\u00eds.<\/span><\/p>\n<p><\/p>\n<h2 class=\"wp-block-heading\">Visi\u00f3n<\/h2>\n<p><\/p>\n<p><span style=\"font-weight: 400;\">Ser el Servicio Nacional l\u00edder del Estado boliviano, motor principal y dinamizador del Complejo Productivo Textil, eficaz, eficiente y proactivo con proyecci\u00f3n y presencia nacional e internacional.<\/span><\/p>\n<ul class=\"wp-block-list\"><\/ul>\n<p><!-- \/wp:list --><!-- wp:heading --><\/p>\n<h2 class=\"wp-block-heading\">Objetivos Institucionales:<\/h2>\n<p><!-- \/wp:heading --><!-- wp:list --><\/p>\n<ul class=\"wp-block-list\">\n<li style=\"list-style-type: none;\">\n<ul class=\"wp-block-list\"><!-- wp:list-item --><\/ul>\n<\/li>\n<\/ul>\n<p>\u00a0<\/p>\n<ul class=\"wp-block-list\">\n<li style=\"list-style-type: none;\">\n<ul class=\"wp-block-list\">\n<li style=\"font-weight: 400;\" aria-level=\"1\"><span style=\"font-weight: 400;\">Apoyar a la producci\u00f3n nacional en el sector textil que sustituyen importaciones.<\/span><\/li>\n<li style=\"font-weight: 400;\" aria-level=\"1\"><span style=\"font-weight: 400;\">Incrementar la venta de hilos, telas y prendas de vestir en el mercado interno y externo.<\/span><\/li>\n<li style=\"font-weight: 400;\" aria-level=\"1\"><span style=\"font-weight: 400;\">Elevar el nivel del sector textil del pa\u00eds, por medio de la capacitaci\u00f3n y el acceso a servicios especializados de hilatura, tejedur\u00eda, embellecimiento, laboratorio.<\/span><\/li>\n<\/ul>\n<\/li>\n<\/ul>\n<p><!-- \/wp:list-item --><\/p>\n<p><!-- \/wp:list --><!-- wp:gallery {\"linkTo\":\"none\"} --><\/p>\n<figure class=\"wp-block-gallery has-nested-images columns-default is-cropped\"><!-- wp:image {\"id\":16967,\"sizeSlug\":\"large\",\"linkDestination\":\"none\"} --><!-- \/wp:image --><!-- wp:image {\"id\":16903,\"sizeSlug\":\"large\",\"linkDestination\":\"none\"} --><!-- \/wp:image --><\/figure>\n<p><!-- \/wp:gallery --><!-- wp:paragraph --><\/p>\n<p><!-- \/wp:paragraph --><\/p>\t\t\t\t\t\t\t\t<\/div>\n\t\t\t\t<\/div>\n\t\t\t\t\t<\/div>\n\t\t<\/div>\n\t\t\t\t\t<\/div>\n\t\t<\/section>\n\t\t\t\t<\/div>\n\t\t","protected":false},"excerpt":{"rendered":"<p>Misi\u00f3n Impulsar el cambio de la matriz productiva nacional a trav\u00e9s del incremento de la agregaci\u00f3n de valor a la producci\u00f3n primaria, transformaci\u00f3n tecnol\u00f3gica, alza de la productividad, diversificaci\u00f3n productiva y mayor generaci\u00f3n de excedentes e ingresos en la producci\u00f3n textil, participando en la creaci\u00f3n, consolidaci\u00f3n, modernizaci\u00f3n y tecnificaci\u00f3n de los emprendimientos productivos textiles del pa\u00eds. Visi\u00f3n Ser el Servicio Nacional l\u00edder del Estado boliviano, motor principal y dinamizador del Complejo Productivo Textil, eficaz, eficiente y proactivo con proyecci\u00f3n y presencia nacional e internacional. Objetivos Institucionales: \u00a0 Apoyar a la producci\u00f3n nacional en el sector textil que sustituyen importaciones. Incrementar la venta de hilos, telas y prendas de vestir en el mercado interno y externo. Elevar el nivel del sector textil del pa\u00eds, por medio de la capacitaci\u00f3n y el acceso a servicios especializados de hilatura, tejedur\u00eda, embellecimiento, laboratorio.<\/p>\n","protected":false},"author":1,"featured_media":0,"parent":0,"menu_order":0,"comment_status":"closed","ping_status":"closed","template":"","meta":{"_acf_changed":false,"footnotes":""},"class_list":["post-309","page","type-page","status-publish","hentry"],"acf":[],"_links":{"self":[{"href":"https:\/\/senatex.gob.bo\/index.php\/wp-json\/wp\/v2\/pages\/309","targetHints":{"allow":["GET"]}}],"collection":[{"href":"https:\/\/senatex.gob.bo\/index.php\/wp-json\/wp\/v2\/pages"}],"about":[{"href":"https:\/\/senatex.gob.bo\/index.php\/wp-json\/wp\/v2\/types\/page"}],"author":[{"embeddable":true,"href":"https:\/\/senatex.gob.bo\/index.php\/wp-json\/wp\/v2\/users\/1"}],"replies":[{"embeddable":true,"href":"https:\/\/senatex.gob.bo\/index.php\/wp-json\/wp\/v2\/comments?post=309"}],"version-history":[{"count":24,"href":"https:\/\/senatex.gob.bo\/index.php\/wp-json\/wp\/v2\/pages\/309\/revisions"}],"predecessor-version":[{"id":19412,"href":"https:\/\/senatex.gob.bo\/index.php\/wp-json\/wp\/v2\/pages\/309\/revisions\/19412"}],"wp:attachment":[{"href":"https:\/\/senatex.gob.bo\/index.php\/wp-json\/wp\/v2\/media?parent=309"}],"curies":[{"name":"wp","href":"https:\/\/api.w.org\/{rel}","templated":true}]}}